{"id":52,"date":"2018-06-25T12:50:05","date_gmt":"2018-06-25T10:50:05","guid":{"rendered":"https:\/\/lelargeroscoff.wordpress.com\/?page_id=52"},"modified":"2020-11-26T11:15:43","modified_gmt":"2020-11-26T10:15:43","slug":"equipement","status":"publish","type":"page","link":"https:\/\/location-vacances-roscoff.fr\/?page_id=52","title":{"rendered":"EQUIPEMENT"},"content":{"rendered":"<h1 style=\"text-align: left;\"><span style=\"color: #666699;\">PRINCIPAL INVENTAIRE DE LA LOCATION SAISONNIERE<\/span><\/h1>\n<hr \/>\n<p><span style=\"color: #666699;\">Pour les jeunes parents, l&rsquo;appartement de vacances est \u00e9quip\u00e9 pour un \u00ab\u00a0b\u00e9b\u00e9\u00a0\u00bb. Mat\u00e9riel gracieusement mis \u00e0 disposition sur demande : lit parapluie, poussette, transat, rehausseur, chauffe biberon, mixeur, st\u00e9rilisateur, barri\u00e8re de lit, petit pot&#8230;<\/span><\/p>\n<hr \/>\n<p><span style=\"color: #666699;\">Principal \u00e9quipement\u00a0 de la location de vacances :<\/span><br \/>\n<span style=\"color: #666699;\">&#8211; table et fer \u00e0 repasser<\/span><br \/>\n<span style=\"color: #666699;\">&#8211; machine \u00e0 laver le linge<\/span><br \/>\n<span style=\"color: #666699;\">&#8211; s\u00e8che linge<\/span><br \/>\n<span style=\"color: #666699;\">&#8211; caddy \u00e0 courses<\/span><br \/>\n<span style=\"color: #666699;\">&#8211; mini four<\/span><br \/>\n<span style=\"color: #666699;\">&#8211; machine \u00e0 laver la vaisselle 4 couverts<\/span><br \/>\n<span style=\"color: #666699;\">&#8211; micro onde<\/span><br \/>\n<span style=\"color: #666699;\">&#8211; 2 foyers halog\u00e8nes<\/span><br \/>\n<span style=\"color: #666699;\">&#8211; table top avec un compartiment cong\u00e9lateur 18litres<\/span><br \/>\n<span style=\"color: #666699;\">&#8211; cuit-vapeur, th\u00e9i\u00e8re, cafeti\u00e8re, grille pain, cocotte minute, casseroles et grosse gamelle (<em>pour les crustac\u00e9s<\/em>) , cr\u00eapi\u00e8re\/raclette, robot, mixeur, verre \u00e0 pied, s\u00e8che cheveux&#8230;<\/span><br \/>\n<span style=\"color: #666699;\">&#8211; aspirateur, balai, pelle-balayette<\/span><br \/>\n<span style=\"color: #666699;\">&#8211; lecteur DVD avec quelques dvd<\/span><br \/>\n<span style=\"color: #666699;\">&#8211; t\u00e9l\u00e9viseur<\/span><br \/>\n<span style=\"color: #666699;\">&#8211; cha\u00eene audio avec quelques cd<\/span><br \/>\n<span style=\"color: #666699;\">&#8211; jeux de plage, transats et petit n\u00e9cessaire pour la p\u00eache<\/span><br \/>\n<span style=\"color: #666699;\">&#8211; sac \u00e0 dos isotherme pour le pique-nique avec pains de glace<\/span><br \/>\n<span style=\"color: #666699;\">&#8211; produits d&rsquo;entretien<\/span><\/p>\n<p><span style=\"color: #666699;\">3 v\u00e9los dont 1 \u00e9quip\u00e9 d&rsquo;un si\u00e8ge petit enfant homologu\u00e9 (le case obligatoire jusqu&rsquo;\u00e0 12 ans N&rsquo;EST PAS FOURNI) et 2 v\u00e9los enfants<\/span><\/p>\n<p><span style=\"color: #666699;\">Salle de bain\/wc comprenant une baignoire\/douche munie d&rsquo;une planche de bain m\u00e9dicalis\u00e9e (jusqu&rsquo;\u00e0 150 kg) si besoin<\/span><\/p>\n<p><span style=\"color: #808080;\"><em>Thalassoth\u00e9rapie, activit\u00e9s nautiques, plage, p\u00eache, sentiers de randonn\u00e9e, petite cit\u00e9 de caract\u00e8re, 1* guide Michelin. ports de plaisance du Boscon et de p\u00eache (cri\u00e9e), Gare Maritime Brittany Ferries, Oignon rose de Roscoff<br \/>\n<\/em><\/span><\/p>\n<p><em>\u00a0<\/em><\/p>\n","protected":false},"excerpt":{"rendered":"<p>PRINCIPAL INVENTAIRE DE LA LOCATION SAISONNIERE Pour les jeunes parents, l&rsquo;appartement de vacances est \u00e9quip\u00e9 pour un \u00ab\u00a0b\u00e9b\u00e9\u00a0\u00bb. Mat\u00e9riel gracieusement mis \u00e0 disposition sur demande : lit parapluie, poussette, transat, rehausseur, chauffe biberon, mixeur, st\u00e9rilisateur, barri\u00e8re de lit, petit pot&#8230; Principal \u00e9quipement\u00a0 de la location de vacances : &#8211; table et fer \u00e0 repasser &#8211; [&hellip;]<\/p>\n","protected":false},"author":2,"featured_media":0,"parent":0,"menu_order":2,"comment_status":"closed","ping_status":"closed","template":"","meta":{"footnotes":""},"_links":{"self":[{"href":"https:\/\/location-vacances-roscoff.fr\/index.php?rest_route=\/wp\/v2\/pages\/52"}],"collection":[{"href":"https:\/\/location-vacances-roscoff.fr\/index.php?rest_route=\/wp\/v2\/pages"}],"about":[{"href":"https:\/\/location-vacances-roscoff.fr\/index.php?rest_route=\/wp\/v2\/types\/page"}],"author":[{"embeddable":true,"href":"https:\/\/location-vacances-roscoff.fr\/index.php?rest_route=\/wp\/v2\/users\/2"}],"replies":[{"embeddable":true,"href":"https:\/\/location-vacances-roscoff.fr\/index.php?rest_route=%2Fwp%2Fv2%2Fcomments&post=52"}],"version-history":[{"count":28,"href":"https:\/\/location-vacances-roscoff.fr\/index.php?rest_route=\/wp\/v2\/pages\/52\/revisions"}],"predecessor-version":[{"id":3432,"href":"https:\/\/location-vacances-roscoff.fr\/index.php?rest_route=\/wp\/v2\/pages\/52\/revisions\/3432"}],"wp:attachment":[{"href":"https:\/\/location-vacances-roscoff.fr\/index.php?rest_route=%2Fwp%2Fv2%2Fmedia&parent=52"}],"curies":[{"name":"wp","href":"https:\/\/api.w.org\/{rel}","templated":true}]}}