{"id":472,"date":"2018-07-18T15:32:30","date_gmt":"2018-07-18T13:32:30","guid":{"rendered":"https:\/\/lelargeroscoff.wordpress.com\/?page_id=472"},"modified":"2022-03-16T16:58:36","modified_gmt":"2022-03-16T15:58:36","slug":"mise-a-disposition","status":"publish","type":"page","link":"https:\/\/location-vacances-roscoff.fr\/?page_id=472","title":{"rendered":"A DISPOSITION"},"content":{"rendered":"<p>\u00a0<\/p>\n<p><em> <img loading=\"lazy\" decoding=\"async\" class=\"alignnone size-medium wp-image-3647\" src=\"http:\/\/location-vacances-roscoff.fr\/wp-content\/uploads\/2022\/03\/dsc00583-300x200.jpg\" alt=\"\" width=\"300\" height=\"200\" srcset=\"https:\/\/location-vacances-roscoff.fr\/wp-content\/uploads\/2022\/03\/dsc00583-300x200.jpg 300w, https:\/\/location-vacances-roscoff.fr\/wp-content\/uploads\/2022\/03\/dsc00583-624x416.jpg 624w, https:\/\/location-vacances-roscoff.fr\/wp-content\/uploads\/2022\/03\/dsc00583.jpg 768w\" sizes=\"(max-width: 300px) 100vw, 300px\" \/> <img loading=\"lazy\" decoding=\"async\" class=\"alignnone size-medium wp-image-3648\" src=\"http:\/\/location-vacances-roscoff.fr\/wp-content\/uploads\/2022\/03\/dsc00589-300x200.jpg\" alt=\"\" width=\"300\" height=\"200\" srcset=\"https:\/\/location-vacances-roscoff.fr\/wp-content\/uploads\/2022\/03\/dsc00589-300x200.jpg 300w, https:\/\/location-vacances-roscoff.fr\/wp-content\/uploads\/2022\/03\/dsc00589-1024x683.jpg 1024w, https:\/\/location-vacances-roscoff.fr\/wp-content\/uploads\/2022\/03\/dsc00589-768x512.jpg 768w, https:\/\/location-vacances-roscoff.fr\/wp-content\/uploads\/2022\/03\/dsc00589-624x416.jpg 624w, https:\/\/location-vacances-roscoff.fr\/wp-content\/uploads\/2022\/03\/dsc00589.jpg 1536w\" sizes=\"(max-width: 300px) 100vw, 300px\" \/>\u00a0\u00a0\u00a0 <br \/><\/em><\/p>\n\n\n<p>L&rsquo;utilisation de l&rsquo;internet, des v\u00e9los, jeux de plage et de plein air, mis \u00e0 votre disposition se fait sous l&rsquo;enti\u00e8re responsabilit\u00e9 des vacanciers durant leur s\u00e9jour.<\/p>\n","protected":false},"excerpt":{"rendered":"<p>\u00a0 \u00a0\u00a0\u00a0 L&rsquo;utilisation de l&rsquo;internet, des v\u00e9los, jeux de plage et de plein air, mis \u00e0 votre disposition se fait sous l&rsquo;enti\u00e8re responsabilit\u00e9 des vacanciers durant leur s\u00e9jour.<\/p>\n","protected":false},"author":2,"featured_media":0,"parent":52,"menu_order":0,"comment_status":"closed","ping_status":"closed","template":"","meta":{"footnotes":""},"_links":{"self":[{"href":"https:\/\/location-vacances-roscoff.fr\/index.php?rest_route=\/wp\/v2\/pages\/472"}],"collection":[{"href":"https:\/\/location-vacances-roscoff.fr\/index.php?rest_route=\/wp\/v2\/pages"}],"about":[{"href":"https:\/\/location-vacances-roscoff.fr\/index.php?rest_route=\/wp\/v2\/types\/page"}],"author":[{"embeddable":true,"href":"https:\/\/location-vacances-roscoff.fr\/index.php?rest_route=\/wp\/v2\/users\/2"}],"replies":[{"embeddable":true,"href":"https:\/\/location-vacances-roscoff.fr\/index.php?rest_route=%2Fwp%2Fv2%2Fcomments&post=472"}],"version-history":[{"count":9,"href":"https:\/\/location-vacances-roscoff.fr\/index.php?rest_route=\/wp\/v2\/pages\/472\/revisions"}],"predecessor-version":[{"id":3655,"href":"https:\/\/location-vacances-roscoff.fr\/index.php?rest_route=\/wp\/v2\/pages\/472\/revisions\/3655"}],"up":[{"embeddable":true,"href":"https:\/\/location-vacances-roscoff.fr\/index.php?rest_route=\/wp\/v2\/pages\/52"}],"wp:attachment":[{"href":"https:\/\/location-vacances-roscoff.fr\/index.php?rest_route=%2Fwp%2Fv2%2Fmedia&parent=472"}],"curies":[{"name":"wp","href":"https:\/\/api.w.org\/{rel}","templated":true}]}}