{"id":3696,"date":"2022-03-31T16:58:32","date_gmt":"2022-03-31T14:58:32","guid":{"rendered":"http:\/\/location-vacances-roscoff.fr\/?page_id=3696"},"modified":"2022-04-25T18:00:02","modified_gmt":"2022-04-25T16:00:02","slug":"infos-pratiques","status":"publish","type":"page","link":"https:\/\/location-vacances-roscoff.fr\/?page_id=3696","title":{"rendered":"VOS COURSES EN LIGNE !"},"content":{"rendered":"\n<p><strong><em>Gagnez du temps et profitez davantage de vos vacances : VOS COURSES EN LIGNE AVANT VOTRE DEPART ET LA LIVRAISON A VOTRE ARRIVEE !! cliquez sur le LIEN : <a href=\"https:\/\/www.leclercdrive.fr\/region-bretagne\/saint-pol-de-leon\/\">https:\/\/www.leclercdrive.fr\/region-bretagne\/saint-pol-de-leon\/<\/a><\/em><\/strong><\/p>\n\n\n\n<p>Le <em><strong>Centre LECLERC Saint-Pol-de-L\u00e9on propose la livraison \u00e0 domicile par particulier du lundi au samedi de 08h00 \u00e0 19h00, co\u00fbt 7.90\u20ac\u00a0 <\/strong><\/em>(s\u00e9lectionnez le Drive de Saint-Pol-de-L\u00e9on et commandez vos produits en ligne. Validez ensuite votre panier, choisissez votre date de livraison, payez votre commande et profitez de la livraison de vos courses \u00e0 domicile).\u00a0<\/p>\n","protected":false},"excerpt":{"rendered":"<p>Gagnez du temps et profitez davantage de vos vacances : VOS COURSES EN LIGNE AVANT VOTRE DEPART ET LA LIVRAISON A VOTRE ARRIVEE !! cliquez sur le LIEN : https:\/\/www.leclercdrive.fr\/region-bretagne\/saint-pol-de-leon\/ Le Centre LECLERC Saint-Pol-de-L\u00e9on propose la livraison \u00e0 domicile par particulier du lundi au samedi de 08h00 \u00e0 19h00, co\u00fbt 7.90\u20ac\u00a0 (s\u00e9lectionnez le Drive de [&hellip;]<\/p>\n","protected":false},"author":1,"featured_media":0,"parent":0,"menu_order":0,"comment_status":"closed","ping_status":"closed","template":"","meta":{"footnotes":""},"_links":{"self":[{"href":"https:\/\/location-vacances-roscoff.fr\/index.php?rest_route=\/wp\/v2\/pages\/3696"}],"collection":[{"href":"https:\/\/location-vacances-roscoff.fr\/index.php?rest_route=\/wp\/v2\/pages"}],"about":[{"href":"https:\/\/location-vacances-roscoff.fr\/index.php?rest_route=\/wp\/v2\/types\/page"}],"author":[{"embeddable":true,"href":"https:\/\/location-vacances-roscoff.fr\/index.php?rest_route=\/wp\/v2\/users\/1"}],"replies":[{"embeddable":true,"href":"https:\/\/location-vacances-roscoff.fr\/index.php?rest_route=%2Fwp%2Fv2%2Fcomments&post=3696"}],"version-history":[{"count":8,"href":"https:\/\/location-vacances-roscoff.fr\/index.php?rest_route=\/wp\/v2\/pages\/3696\/revisions"}],"predecessor-version":[{"id":3711,"href":"https:\/\/location-vacances-roscoff.fr\/index.php?rest_route=\/wp\/v2\/pages\/3696\/revisions\/3711"}],"wp:attachment":[{"href":"https:\/\/location-vacances-roscoff.fr\/index.php?rest_route=%2Fwp%2Fv2%2Fmedia&parent=3696"}],"curies":[{"name":"wp","href":"https:\/\/api.w.org\/{rel}","templated":true}]}}