{"id":102,"date":"2018-06-25T14:51:10","date_gmt":"2018-06-25T12:51:10","guid":{"rendered":"https:\/\/lelargeroscoff.wordpress.com\/?page_id=102"},"modified":"2024-04-16T16:32:03","modified_gmt":"2024-04-16T14:32:03","slug":"photos","status":"publish","type":"page","link":"https:\/\/location-vacances-roscoff.fr\/?page_id=102","title":{"rendered":"BIENVENUE"},"content":{"rendered":"<h1><span style=\"color: #666699;\">&#8230;.\u00a0 A ROSCOFF, CITE CORSAIRE<br \/><\/span><\/h1>\n<p style=\"text-align: left;\"><span style=\"color: #666699;\"><em>Nous serions heureux de vous compter parmi nos h\u00f4tes \u00e0 ROSCOFF, petite cit\u00e9 de caract\u00e8re, dans cette location saisonni\u00e8re de 40m\u00b2 qui r\u00e9pond \u00e0 la charte de qualit\u00e9, de confort et d&rsquo;\u00e9quipement du classement<strong><span style=\"color: #666699;\"><a style=\"color: #666699;\" href=\"http:\/\/meublesdetourisme.com\"> Meubl\u00e9 du Tourisme<\/a><\/span><\/strong> et du label <strong><span style=\"color: #666699;\"><a style=\"color: #666699;\" href=\"http:\/\/clevacances.com\">Cl\u00e9Vacances <\/a><\/span><\/strong><span style=\"color: #808080;\">(le label leader des vacances familiales en France :\u00a0 <a style=\"color: #808080;\" href=\"https:\/\/www.cnews.fr\/conso\/2020-07-06\/clevacances-le-label-leader-des-vacances-familiales-en-france-974510\">cliquez ici<\/a> ) <\/span>pour 1\/3 vacanciers avec deux chambres .<br \/><\/em><\/span><\/p>\n<p style=\"text-align: left;\"><span style=\"color: #666699;\"><em>Vous\u00a0y serez accueillis(es) avec deux objectifs\u00a0: rendre votre s\u00e9jour le plus agr\u00e9able possible dans cet appartement saisonnier, chaleureux et tr\u00e8s bien \u00e9quip\u00e9 que nous avons am\u00e9nag\u00e9 comme pour nous-m\u00eames et vous aider\u00a0\u00e0 d\u00e9couvrir les multiples ressources de cette r\u00e9gion que nous affectionnons.<\/em><\/span><\/p>\n<p style=\"text-align: left;\"><span style=\"color: #666699;\"><em>Roscoff sans voiture, c&rsquo;est possible<span class=\"content-CxPmi\">! la Thalasso \u00e0 ~50m avec sa plage de sable fin, les visites de la Baie de Morlaix, du Ch\u00e2teau du Taureau, de l&rsquo;Ile de Batz, les sentiers c\u00f4tiers et de randonn\u00e9es&#8230;.\u00a0 et pour les courses, le <strong>caddy<\/strong> et les<\/span> <strong>v<\/strong><\/em><em><strong>\u00e9los <\/strong>gracieusement \u00e0 dis<\/em><\/span><span style=\"color: #666699;\"><em>position dans le garage au sous-sol. Pendant les vacances scolaires d&rsquo;\u00e9t\u00e9, ROSKO BUS, mini car circulaire gratuit avec arr\u00eat entre autres \u00e0 la thalasso, au Casino Alimentaire et aux commerces du centre ville. <\/em><\/span><\/p>\n<p><em style=\"color: #666699; font-size: revert;\">Si vous empruntez les transports en commun, mise \u00e0 disposition du linge de maison\u00a0 gracieusement sur demande (hormis les torchons).<\/em><\/p>\n<p style=\"text-align: left;\"><span style=\"color: #800080;\"><em><span style=\"color: #666699;\">Enfin, vous avez de jeunes enfants ou vous suivez une cure post-maternit\u00e9, cet appartement meubl\u00e9 est \u00e9quip\u00e9 des \u00e9l\u00e9ments essentiels encombrants enfant\/1 b\u00e9b\u00e9 ainsi que des jeux de plage, tricycle.<\/span> <\/em><\/span><\/p>\n<blockquote>\n<p style=\"text-align: left;\"><span style=\"color: #666699;\"><em><span style=\"color: #800080;\"><strong>et&#8230; pour lib\u00e9rer les parents!<\/strong> \u00a0<a href=\"https:\/\/www.roscoff-nautique.com\/\">l&rsquo;Ecole de Voiles de Roscoff<\/a> organise des stages d&rsquo;\u00e9t\u00e9 <strong>pour les petits et les ados<\/strong> : <span style=\"color: #808080;\"><strong>4\/6 ans<\/strong>: Jardin des mers &#8211; <strong>7\/11 ans<\/strong>: Optimist &#8211; <strong>12\/15<\/strong><strong>ans<\/strong>: Catamaran &#8211; <strong>10\/14 ans<\/strong>: Kayak Polo &#8211; <strong>12ans et +<\/strong>: D\u00e9riveur Declic.\u00a0 <\/span><\/span><\/em><\/span><\/p>\n<p style=\"text-align: left;\"><span style=\"color: #666699;\"><em><span style=\"color: #800080;\"><span style=\"color: #808080;\"><span style=\"color: #800080;\"><strong>mais aussi pour les adultes<\/strong><\/span>: D\u00e9riveur Declic et Catamaran Dart 16.<\/span><\/span><br \/><\/em><\/span><\/p>\n<\/blockquote>\n<p style=\"text-align: left;\"><span style=\"color: #666699;\"><em><strong>Nos petits compagnons \u00e0 4 pattes<\/strong> : <\/em><\/span><span style=\"color: #666699;\"><em>Au vu des d\u00e9g\u00e2ts substantiels que nous avons eus, nos amis les b\u00eates ne sont plus accept\u00e9s, nous en sommes d\u00e9sol\u00e9s.<\/em><\/span><\/p>\n<p style=\"text-align: left;\"><span style=\"color: #666699;\"><em>M. et F. Merlin<br \/><\/em><\/span><\/p>\n<p style=\"text-align: left;\"><span style=\"color: #666699;\"><strong>contact direct loueurs : <\/strong><\/span><\/p>\n<p><span style=\"color: #666699;\">=&gt; e-mail : <strong>le_large@orange.fr<br \/><\/strong>=&gt;<strong> tel\u00a0: 06.38.64.52.74<\/strong><\/span><\/p>\n<p style=\"text-align: center;\"><span style=\"color: #333399;\"><strong>LOCATION DU SAMEDI 10H00 AU SAMEDI 14H00<\/strong><\/span><\/p>\n<p><span style=\"color: #666699;\">N&rsquo;h\u00e9sitez pas \u00e0 nous joindre sur notre e-mail, si vous ne recevez pas de r\u00e9ponse, merci de renvoyer le message, l&rsquo;informatique a parfois ses myst\u00e8res&#8230; Rappel \u00e9galement assur\u00e9 si vous laissez un message sur le t\u00e9l\u00e9phone portable avec le num\u00e9ro.<\/span><\/p>\n<p><img loading=\"lazy\" decoding=\"async\" class=\"\" src=\"https:\/\/www.applitour.com\/upload\/zoom_plaque-meuble_tourisme3_2018.jpg\" alt=\"R\u00c3\u0083\u00c2\u0083\u00c3\u0082\u00c2\u00a9sultat de recherche d'images pour &quot;logo meubl\u00c3\u0083\u00c2\u0083\u00c3\u0082\u00c2\u00a9 de tourisme 3 \u00c3\u0083\u00c2\u0083\u00c3\u0082\u00c2\u00a9toiles 2018&quot;\" width=\"78\" height=\"78\" \/><img loading=\"lazy\" decoding=\"async\" class=\"\" src=\"http:\/\/www.ceplus.fr\/Fichiers\/Actualites\/CHEQUES-VACANCES-2018-599-ANCV-Cover.jpg\" width=\"116\" height=\"65\" \/><img loading=\"lazy\" decoding=\"async\" class=\"alignnone  wp-image-1395\" src=\"http:\/\/location-vacances-roscoff.fr\/wp-content\/uploads\/2019\/03\/CLEVACANCES_LOGO-300x112.jpg\" alt=\"\" width=\"124\" height=\"46\" \/><\/p>\n<p><span style=\"color: #808080;\"><em>Thalassoth\u00e9rapie, activit\u00e9s nautiques, plage, p\u00eache, sentiers de randonn\u00e9e, petite cit\u00e9 de caract\u00e8re, 1* guide Michelin, oignons rose de Roscoff<\/em><\/span><\/p>\n<p><em>\u00a0<\/em><\/p>\n<p style=\"text-align: left;\">\u00a0<\/p>\n\n\n<p><\/p>\n","protected":false},"excerpt":{"rendered":"<p>&#8230;.\u00a0 A ROSCOFF, CITE CORSAIRE Nous serions heureux de vous compter parmi nos h\u00f4tes \u00e0 ROSCOFF, petite cit\u00e9 de caract\u00e8re, dans cette location saisonni\u00e8re de 40m\u00b2 qui r\u00e9pond \u00e0 la charte de qualit\u00e9, de confort et d&rsquo;\u00e9quipement du classement Meubl\u00e9 du Tourisme et du label Cl\u00e9Vacances (le label leader des vacances familiales en France :\u00a0 [&hellip;]<\/p>\n","protected":false},"author":2,"featured_media":0,"parent":0,"menu_order":1,"comment_status":"closed","ping_status":"closed","template":"","meta":{"footnotes":""},"_links":{"self":[{"href":"https:\/\/location-vacances-roscoff.fr\/index.php?rest_route=\/wp\/v2\/pages\/102"}],"collection":[{"href":"https:\/\/location-vacances-roscoff.fr\/index.php?rest_route=\/wp\/v2\/pages"}],"about":[{"href":"https:\/\/location-vacances-roscoff.fr\/index.php?rest_route=\/wp\/v2\/types\/page"}],"author":[{"embeddable":true,"href":"https:\/\/location-vacances-roscoff.fr\/index.php?rest_route=\/wp\/v2\/users\/2"}],"replies":[{"embeddable":true,"href":"https:\/\/location-vacances-roscoff.fr\/index.php?rest_route=%2Fwp%2Fv2%2Fcomments&post=102"}],"version-history":[{"count":149,"href":"https:\/\/location-vacances-roscoff.fr\/index.php?rest_route=\/wp\/v2\/pages\/102\/revisions"}],"predecessor-version":[{"id":3879,"href":"https:\/\/location-vacances-roscoff.fr\/index.php?rest_route=\/wp\/v2\/pages\/102\/revisions\/3879"}],"wp:attachment":[{"href":"https:\/\/location-vacances-roscoff.fr\/index.php?rest_route=%2Fwp%2Fv2%2Fmedia&parent=102"}],"curies":[{"name":"wp","href":"https:\/\/api.w.org\/{rel}","templated":true}]}}